5 = 18*v, -3*k + 5*v + 60785 = 0. What is the units digit of k?
0
What is the hundreds digit of 6/(-27) - ((-382220)/36 + -26 + 22)?
6
Suppose 3*i - 588 = -11*i. Let h = 39 - i. What is the units digit of h*(-17 - (-2 - 2))?
9
Let n be 148/(-333)*9/(-2). Suppose -n*o + 975 = o. What is the hundreds digit of o?
3
Let q = 13564 - 12045. What is the thousands digit of q?
1
Suppose -m + 2*m - 3 = 4*d, -4*m + 2*d = -54. Suppose -11*j + m = 48. Let g(v) = v**2 + 3*v + 1. What is the units digit of g(j)?
1
Let f = -40180 - -60273. What is the tens digit of f?
9
Let x = 9942 + -8615. What is the units digit of x?
7
Let t be -5*20/50 + 57 + 1. What is the units digit of (-42)/(-4)*t/6?
8
Let o be (-63)/(-12) - (-3 + (-26)/(-8)). Suppose o*u - 7*u + 694 = 0. What is the units digit of u?
7
Let n be (2*(-4)/20)/((-1)/30). Suppose z + 2*u = 13, 4*z - 4*u + 2 = 6. Suppose z*h - 27 = -n. What is the units digit of h?
3
Let b = -3899 + 3899. Let t(p) = p**2 + p + 1. Let a(q) = -2*q**2 - 12*q - 90. Let g(x) = -a(x) - 3*t(x). What is the tens digit of g(b)?
8
Let l(t) = -t**2 + t + 24. Let k be l(-4). Suppose -4*q - 2*m + 106 = 0, q + 44 = 2*q + k*m. Suppose 5*n - q*n = -3572. What is the tens digit of n?
8
Suppose 0 = 4*r + 12, 2*b + 2*r + 6 = 5*b. Let u be 133/(-5) - ((-4)/(-10) + b). What is the units digit of u/18 - (-322)/4?
9
Suppose -53*w + 51*w + 16 = 0. What is the hundreds digit of (w/(-32) - 1)/(1/(-336))?
4
Let i = 25652 + -1766. What is the tens digit of i?
8
What is the tens digit of -4*(-5 - -5 - 4058) - 3?
2
Let s(k) = -22*k - 75. Let v be s(-4). Suppose -v*b = 5 - 31. What is the units digit of b?
2
Let h = 41 + -41. Suppose 5*y + 35 + 15 = h. What is the units digit of (-4 - 192/y)/(2/5)?
8
Suppose -27 = -10*r + 3. Suppose -654 = -0*a - r*a. What is the tens digit of a?
1
Suppose 5*m = -0*m. Suppose -9*g + 12*g + 78 = m. What is the units digit of ((-12)/2)/(g/143)?
3
Let o be 344/(-34)*-1 - 102/867. Suppose o*k - 6785 + 2225 = 0. What is the units digit of k?
6
Suppose -3*r - 7*a = -4*a - 118149, -78765 = -2*r - a. What is the ten thousands digit of r?
3
Let n(r) = 8171*r**2 + 22*r + 22. What is the tens digit of n(-1)?
7
Let x be ((-102)/(-5))/(69/230). Let q be ((-12)/(-10))/((-3)/20*-2). Suppose q*b = -4 + x. What is the tens digit of b?
1
Suppose 2*x = -0*x. Let b be x - (-5 + (4 - 3)). Suppose -2*v = -4*m - 32, b*v - 3*m - 74 = -0*m. What is the tens digit of v?
2
Let z = 47 - 2. Let a be (-2)/(-9) - (-260)/z. Suppose 3*m - a*m = -3*u + 132, -5*u - 3*m = -252. What is the units digit of u?
8
Let t = -29306 - -43791. What is the hundreds digit of t?
4
Suppose -5*u + 22*m - 19*m = -5955, -4*m - 4772 = -4*u. What is the units digit of u?
8
Let u(h) = -3*h**2 - 34*h - 2. Let w be u(-10). Let o be w/(-8) - (-5)/(-20). What is the tens digit of (-2)/((-12)/(-87))*(-5 + o)?
4
Suppose 32*w = 464272 + 19920. What is the ten thousands digit of w?
1
Let r be 3*39/27*(-30)/(-10). Suppose w - 308 = r. What is the hundreds digit of w?
3
Suppose 282*q + 1930486 = 2262244 + 3632034. What is the tens digit of q?
5
Let d(a) = -2*a**2 - 26*a + 3. Let n be d(-13). Let y(g) = 0 + n - 18*g + 2*g + 2. What is the tens digit of y(-5)?
8
What is the hundreds digit of 2/((-27119)/(-3874) + -7)?
7
Let z = -9931 + 18773. What is the units digit of z?
2
Let z(p) = 778*p**2 + 126*p - 1. What is the thousands digit of z(-3)?
6
Let g = -11155 + 31290. What is the hundreds digit of g?
1
Let d be 2/(-3) - 6398/(-21). Let p be (3 + -9)*d/(-6). Suppose 4*t - p = 2*g, -2*g + g + 387 = 5*t. What is the tens digit of t?
7
What is the thousands digit of (-13 + (-6069)/147)/((-2)/217)?
5
Let d = 54 + -26. Suppose 11 = 3*a - d. Let j = 37 - a. What is the units digit of j?
4
Let r = -1320 + 4381. What is the hundreds digit of r?
0
Suppose 5841 - 5267 = 11*z - 9447. What is the tens digit of z?
1
Suppose -3*h + 2 + 175 = 0. Let g = 55 - h. What is the units digit of 1/2*(214 - g)?
9
Let n be (-1 - 0)/(6/(-7266)). Suppose 205 + n = -u. What is the tens digit of (u/(-20))/(8/20)?
7
Let a = -82 + 76. Let q = a - -150. What is the tens digit of q?
4
Let r(a) = -a**3 - 13*a**2 - 19*a - 7. Let n be r(-8). Let z = 188 + n. What is the units digit of z?
3
Let n = 99077 - 46772. What is the units digit of n?
5
Let z(c) = 2485*c - 1558. What is the tens digit of z(10)?
9
Let s be (-4)/(-6) - 2/3. Suppose 0 = 3*l - s*l - 45. What is the hundreds digit of 10*124/(-10)*l/(-12)?
1
Suppose 10*c - 5 = 8*c - 5*s, 3*c + 3 = 3*s. Let j(g) = 3*g + 585. What is the tens digit of j(c)?
8
What is the thousands digit of (-582408)/(-32)*(2 + (0 - 6/9))?
4
Let y = -23891 + 33944. What is the tens digit of y?
5
Let j be 1*((-24)/16)/(3/28). Let d = 4 + j. What is the tens digit of ((-3)/(-12))/((-5)/d)*194?
9
Let z(l) = -2*l**3 - 4*l**2 + 10*l + 8. Let i be z(-9). Suppose i + 608 = 4*s. Suppose 50 = 5*d - s. What is the units digit of d?
3
Suppose 0 = -396*s + 1541494 + 6855290. What is the units digit of s?
4
What is the hundreds digit of 49/(-245) - (41186/10)/(1/(-7))?
8
Let d(y) = 17*y**3 - 3*y**2 + 4*y + 2. Suppose -2*v + 2*f = -212, 2*f + 46 = v - 64. Let j = 104 - v. What is the units digit of d(j)?
4
Let j(t) = 3*t - 9. Let g be j(7). Let a(z) = 15*z**2 + 17*z**2 + 4 - 12*z - g*z**2 + 7*z. What is the units digit of a(1)?
9
Let i(v) = 4*v**2 - 4. Let p be i(2). Let k be 33 - 0/(p/(-4)). Suppose 105 = 5*u + 2*m + 22, -2*u + k = m. What is the units digit of u?
7
Suppose 5*z - 29 = -14. Suppose 1404 + 766 = -5*h. What is the units digit of h*z/6*(1 - 2)?
7
Let k = 13391 - 10449. What is the tens digit of k?
4
What is the hundreds digit of 228263/(-294)*-6 - 3/7?
6
Let o be (-4)/22 - (5 - (-630)/(-77)). Suppose 146 = o*c + 29. Suppose 152 = -c*a + 43*a. What is the units digit of a?
8
Let o be -6*6/(-12) - 0 - -374. Suppose -o + 2635 = 2*g - h, -5*h = -20. What is the units digit of g?
1
Let i = -21574 + 35776. What is the ten thousands digit of i?
1
Suppose 24783474 = 749*q - 215*q. What is the units digit of q?
1
What is the hundreds digit of -13252*(399/(-28) - -14)?
3
Let u(d) be the second derivative of d**5/20 + d**4/3 + d**3/2 + 438*d**2 + 2*d + 69. What is the tens digit of u(0)?
7
Let o be (-1)/6*2 + (-32)/(-6). Suppose -o*z - 4 = -29. Suppose -x + 22 = -z. What is the units digit of x?
7
Let o = 132 - -1334. Let p = o + -946. What is the tens digit of p?
2
Let z(w) = 153*w**2 + 3*w - 22. What is the tens digit of z(-5)?
8
Let t(m) = m**3 + 6*m**2 - 5*m + 16. Let p be t(-7). Suppose 3*r + 27 = p*u, -2*r - 3*r - 3*u - 45 = 0. Let z(f) = -9*f - 18. What is the tens digit of z(r)?
6
Let w = 40 + 3. Let f = -43 + w. Suppose 2*b + 3*b = -5*a + 630, f = 5*a - 25. What is the units digit of b?
1
Suppose 4*t - 180 = -f, 4*f + t - 6*t - 636 = 0. What is the units digit of (6 - (15 + -4))*f/(-10)?
2
Suppose -5*u + 8*u = v + 5925, -u - 3*v = -1965. What is the hundreds digit of u?
9
Let u be 144/(-60)*(30/4)/(-3). Suppose -4*d + 5*c + 1684 = 0, u*c - c + 842 = 2*d. What is the hundreds digit of d?
4
Let b be (-3 + 1)/((-14)/84). Let g be (-59250)/(-21) + b/(-56)*2. Suppose 0 = -9*n - 814 + g. What is the units digit of n?
3
Let u(q) = -1623*q + 3811. What is the thousands digit of u(-16)?
9
Let i be (100/(-16) - -7)/((-1)/(-4)). Suppose i*u - 917 = -5*c, 0 = -5*u - 3*c - 2*c + 1525. What is the tens digit of u?
0
Let k(v) = 6*v - 1. Let w be k(1). Suppose -w*j + 87 = -33. Let g = j - -134. What is the hundreds digit of g?
1
Let x = -102 + 250. Let f = 150 - x. Suppose -3*a + 831 = 3*l, 0*a = f*a - l - 554. What is the hundreds digit of a?
2
Suppose 8*j + 2180 = -1372. Let f = 1056 - j. What is the hundreds digit of f?
5
Suppose 0 = 3*k - p - 19212, 0 = 2*k - 720*p + 716*p - 12798. What is the hundreds digit of k?
4
Suppose 0 = -2*z - 4 + 8. Let i be ((-20)/(-6))/(13/(195/z)). Suppose -v + i = -0. What is the tens digit of v?
2
Let i be (4 - (4 - 1))*-7. Let w = -13 - -15. What is the units digit of (i - -12) + -4 + w?
3
Let r = 4 - 1. Let h(l) be the second derivative of 7*l**5/20 + l**4/4 - 5*l**2/2 + 4682*l. What is the tens digit of h(r)?
1
Suppose -159 - 145 = 19*s. Let v(k) = -50*k - 117. What is the units digit of v(s)?
3
Suppose -2*f + 29 = 13. What is the units digit of (-38)/(4 + f/12*-9)